nd 54.
54
Let h = 260 - 191. Calculate the highest common divisor of 46 and h.
23
Let p = -59 - -63. Suppose -p*q = -q - 120. Calculate the highest common factor of q and 8.
8
Suppose 0 = 2*z - 153 + 51. Let j(u) = -u**2 + 11*u - 1. Let a be j(9). What is the highest common factor of a and z?
17
Let r be ((-33)/(-11))/((-3)/(-220)). Suppose 0 = -5*a - v + r, -3*a + 170 = a + 2*v. Calculate the highest common divisor of a and 9.
9
Let h(u) = -64*u + 4. Suppose -i - 1 = -4*b, -4*i + 11 = 4*b + 35. Let q be h(i). Let j be (-12)/(-14)*2*21. What is the greatest common divisor of j and q?
36
Let o(t) = 5*t**2 - 10*t - 20. Let m be o(-4). What is the greatest common divisor of m and 250?
50
Suppose -2*z - z = 2*j - 10, -2*z - 5*j + 14 = 0. Calculate the highest common factor of z and 8.
2
Let y = -97 + 136. Let b(c) = c**2 - 15*c + 10. Let v be b(16). What is the highest common divisor of y and v?
13
Suppose 2*c + 29 = -13. Let y be 4 - c/(-5) - 92/(-10). Suppose 3*q = q + 198. Calculate the highest common divisor of q and y.
9
Let m = -83 + 93. Suppose -5*i + 5 = -m. What is the highest common factor of i and 15?
3
Suppose 3*t = 2*h + 1866, 0 = -4*t + 3*h + 3468 - 981. Calculate the highest common factor of t and 12.
12
Suppose -3*c + 3*a = -c - 6, c = 4*a + 3. Let u(p) = p + 8. Let k be u(c). What is the greatest common divisor of 88 and k?
11
Let i(h) = h**3 - 4*h**2 - 2*h + 6. Let t be i(5). Suppose 2*x + 1 - t = 0. What is the greatest common factor of 25 and x?
5
Let i be (-9)/(-12)*(50 + -2). Suppose 0*o - i = -o. Calculate the highest common factor of o and 54.
18
Let f(p) = 3*p**2 - 7*p - 9. Let w be f(-2). Let u = -3 + w. What is the highest common factor of u and 14?
14
Let i be (-6 + 5)*(17 + 1). Let m be 2/4*(-108)/i. Let p = -27 - -39. Calculate the greatest common divisor of m and p.
3
Let t be (7/(-3))/(96/(-135648)). What is the highest common divisor of t and 21?
21
Let q be (5 + (-178)/10)*-10. What is the highest common divisor of 8 and q?
8
Let w(m) = -3*m + 48. Let d be w(0). Suppose -16 = -4*h, 0 = 4*v + 4*h - d - 40. Suppose -6 + 18 = 2*u. Calculate the highest common divisor of v and u.
6
Let q = 2 - -8. Let z be 84/(-8)*q/(-1). Let p = -17 - -38. What is the greatest common divisor of p and z?
21
Let z(x) = 32*x**2 - 36*x - 6. Let k be z(-3). Calculate the highest common divisor of 26 and k.
26
Suppose -148*o + 146*o = -100. What is the highest common divisor of o and 50?
50
Let c = -8 + 11. Let v = c + 1. Suppose v*q - 62 = 3*q. What is the highest common divisor of 31 and q?
31
Suppose -39*g = -18*g - 147. Calculate the highest common factor of 13 and g.
1
Suppose 2*m - 45 = -3*p + 3*m, 9 = -3*m. Let x = 21 + p. Suppose -3*z = -4*b + 32, 2*b - 2*z - 13 = b. Calculate the greatest common factor of x and b.
5
Let o be -1*(-9)/(81/9). Calculate the highest common factor of o and 2.
1
Let x = 1701 + -321. What is the highest common factor of x and 48?
12
Suppose 5*m + 313 - 713 = 0. Calculate the highest common factor of m and 52.
4
Let c = 21 + 12. What is the greatest common factor of c and 231?
33
Let a be 6*1*(-44)/(-3). Let s = 20 + -20. Suppose -o + 8 = -s*o. Calculate the greatest common factor of o and a.
8
Let i be (-3852)/(-30) - (-4)/(-10). Let g = 3 - -4. Let o = i + g. Calculate the greatest common divisor of o and 15.
15
Suppose -46*n = -15*n - 155. Calculate the highest common factor of n and 35.
5
Suppose 6*d = -2*d + 56. Suppose -5*b + d*b - 308 = 0. Calculate the highest common divisor of b and 22.
22
Suppose 0 = 4*f + 4 + 12. Let n = f + 8. Suppose n*l + 4*p - 32 = 0, 5*l = 2*l + p + 32. Calculate the greatest common factor of l and 15.
5
Suppose 5*q - 20 = -2*a, -4*a = 3*q - 95 + 27. Let f = a + -16. Suppose 0 = f*z - 40. What is the highest common factor of z and 25?
5
Let a(v) = v**3 + 10*v**2 + 8*v - 8. Let z be a(-9). Let h be (16/z*-1)/(-2). Let j be (30/h)/((-9)/(-24)). Calculate the highest common divisor of j and 10.
10
Suppose 8*l - 3253 + 2949 = 0. What is the greatest common divisor of l and 931?
19
Suppose -3*p + 120 = -p. Let o(u) = 2*u - 14. Let q be o(10). Let j be (-64)/q*(-72)/32. What is the greatest common factor of p and j?
12
Let u be (-16 + -2)/(-6 + 10)*-10. Calculate the highest common factor of u and 435.
15
Let m(t) = 30*t - 132. Let h be m(5). Calculate the greatest common factor of 6 and h.
6
Suppose -915 = -3*t - 3*p, -2*p - 302 = -t - 0*p. What is the highest common divisor of 16 and t?
16
Let p = 245 - 168. Let l(j) = 0*j**2 - 4*j + 1 + 3*j + 7*j**2. Let g be l(1). Calculate the highest common factor of g and p.
7
Let p be 51/((-14)/(1232/(-24))). What is the greatest common factor of 34 and p?
17
Let y be (-160)/(-48)*24/10. Calculate the greatest common divisor of y and 7.
1
Let l(p) = p**2 + 2*p + 2. Let g be l(0). Suppose 0 = 5*m + g*m - 28. Calculate the greatest common factor of 8 and m.
4
Let j(r) = 24*r**3. Let o be j(1). Let z be (o/(-10))/(18/(-60)). Suppose z = -4*h + 188. What is the greatest common divisor of h and 30?
15
Suppose 3*n - 2*n = u + 2, -3*n + 2*u = -10. Suppose 1 = -j + n. Let f(s) = 3*s + 7. Let v be f(j). Calculate the highest common divisor of v and 11.
11
Let h = -314 - -327. Let g(l) = 11*l**2 - 4*l + 3. Let d be g(2). What is the highest common factor of d and h?
13
Let b = -46 - -31. Let y = b - -17. Let z = 3 + -2. Calculate the greatest common divisor of y and z.
1
Let b be (2/4)/(-10*1/(-3200)). What is the greatest common factor of b and 128?
32
Let w be 54/(4/(24/9)). Let k = w - 30. What is the greatest common factor of 6 and k?
6
Let u = 2362 + -1835. Calculate the greatest common factor of 155 and u.
31
Let z = 1046 + -979. Calculate the highest common factor of z and 1072.
67
Let o be 124 - -1 - (-8 - -4). Let d = -61 + o. What is the highest common divisor of 17 and d?
17
Let j be (-435)/(-58)*(-44)/(-10). Calculate the greatest common factor of 132 and j.
33
Let u = 68 - -11. Suppose -3*x = 3*f + f + u, 5*f = -2*x - 48. Let s = x + 37. What is the greatest common divisor of s and 32?
8
Let q = -254 - -256. Calculate the highest common factor of q and 53.
1
Suppose 57*v - 45*v - 6528 = 0. What is the highest common factor of v and 34?
34
Let b(v) = v**3 + 34*v**2 + 28*v - 163. Let r be b(-33). Calculate the highest common divisor of 9 and r.
1
Let u(z) be the third derivative of -z**6/120 + 3*z**5/20 - z**4/3 + 5*z**3/6 - 9*z**2. Let s be u(8). Calculate the greatest common factor of s and 25.
5
Let w(t) = 41*t**2 + 7*t - 5. Let q be w(2). Let f = -88 + q. Calculate the highest common factor of f and 34.
17
Let f be (150/22 - 1) + 66/363. Calculate the highest common factor of f and 78.
6
Suppose 3*w + 12 = 0, 0 = k - 5*k - w - 300. Let q be (0 - -3) + k/6*-3. Let y = 16 + -8. Calculate the highest common divisor of q and y.
8
Suppose -2*u + 0*u = 30. Let h = -25 - u. Let r(l) = -l**3 - 9*l**2 + 8*l + 2. Let t be r(h). Calculate the highest common factor of 11 and t.
11
Let m(o) = o**3 - 25*o**2 + 27*o - 14. Let r be (-332)/(-14) - (-48)/168. Let h be m(r). Calculate the greatest common divisor of 174 and h.
58
Let x be (8/6)/((-2)/(-21)). Let m be 11/((-70)/56 - 2/(-8)). Let g = 32 + m. Calculate the highest common factor of g and x.
7
Suppose 0 = -48*l + 40*l + 608. What is the highest common divisor of l and 76?
76
Suppose 2*j - 118 = -5*o, -4*o + 6*j - 7*j = -95. Suppose -3*x - 12 = -60. Calculate the greatest common divisor of x and o.
8
Suppose -5*k + 199 = -4*j, 5*k + 0*j - 194 = -j. Suppose -7*h + 74 = -17. What is the highest common divisor of k and h?
13
Let w = -127 + 133. Let i(t) = 11*t - 7. Let v be i(11). What is the greatest common factor of v and w?
6
Let y(k) = -4*k - 12 + 18*k + 24*k. Let d be y(6). Calculate the highest common factor of 27 and d.
27
Suppose 0 = 111*s - 106*s - 3*w - 87, 3*w + 69 = 4*s. What is the highest common factor of s and 153?
9
Let j be 101/4 + 15/(-60). Let q be 20/j - 4/(-20). What is the greatest common divisor of 7 and q?
1
Let p be 1/(-3 - (-21)/(-18)*-3). What is the highest common factor of p and 19?
1
Let u(l) = l**2 + 5*l - 144. Let v be u(10). What is the greatest common factor of v and 498?
6
Let f(u) = -3*u + 66. Let l be f(7). Suppose -4*t = -t - l. Calculate the highest c